-1 + 0 + 8 + c*l**2 + l**3. Determine a(p).
7
Let n = 4 + -6. Let d(p) = 16*p**3 + 27*p**2 - 33*p - 5. Let a(z) = 3*z**3 + 5*z**2 - 6*z - 1. Let m(l) = -11*a(l) + 2*d(l). What is m(n)?
5
Suppose 5*m - 18 - 13 + 46 = 0. Let q(o) = 10*o**2 + 22*o - 2. Let r(y) = 4*y**2 + 9*y - 1. Let w(d) = 5*q(d) - 12*r(d). Determine w(m).
14
Let y = -3 + -56. Let m = 57 + y. Let s(t) = -8*t + 1. Determine s(m).
17
Let b(q) be the third derivative of -1/24*q**4 + 0 + 28*q**2 - 5/3*q**3 + 0*q. Give b(-11).
1
Let u be (-6)/14 - 80/140. Let f(b) = -b**3 + b + 1. Let n(z) = 4*z**3 - 6*z**2 - 5*z - 13. Let y(s) = u*n(s) - 5*f(s). Calculate y(-6).
8
Let d(a) = 8*a + 15. Let z be d(-3). Let o(h) = h**2 + 6*h - 10. Determine o(z).
17
Let l(v) = v**3 - 11*v**2 - 11*v - 12. Let w be l(12). Let f(c) = -1. Let p(n) = -n**2 - n + 5. Let g(h) = 3*f(h) - p(h). Determine g(w).
-8
Let z(j) = -4 + 4 - j. Suppose r = -3 - 0. Let d be r/(-6)*(-4 + 2). Calculate z(d).
1
Suppose 413 = 3*g + 4*g. Let j(m) = -m - 64 - g + 126. Determine j(-9).
12
Suppose 3*w - 2*w - z = 1, -1 = w + z. Suppose w = -3*a + a - 10. Let c(i) = -2*i - 3 + 0 - 5*i + 3*i - i**2. Give c(a).
-8
Let d(k) = 19*k**3 - k**2 + k - 1. Let q be d(1). Let c be (19 - q)/((-1)/2). Let s(o) = -o**2 + 2. Give s(c).
-2
Let p(v) = -v + 5. Suppose -s = -3, -4*y + 6*s = s - 13. Let u be p(y). Let w(b) = b**2 + b**3 - 7*b**2 + 2*b**2 + 2 - 2*b. Calculate w(u).
-18
Let l(t) = 59 - 46*t - 29 - 37 - t**2 + 40*t. Give l(-8).
-23
Let y(n) = n**2 + 7223 - 14430 + 7224. What is y(0)?
17
Let z(k) = k - 3. Let u be z(5). Suppose -u = i + 2. Let p(f) be the first derivative of 2*f**2 + 6*f - 15. Determine p(i).
-10
Suppose -7*w + 2 = -6*w. Let x(y) = -6 + 59*y - 59*y + 0*y**2 - y**3 - y**w. Give x(0).
-6
Let v(f) = -f**3 + 8*f**2 + 16*f - 9. Let q(k) = -2*k**3 + 15*k**2 + 31*k - 18. Let c(r) = -6*q(r) + 11*v(r). Determine c(4).
1
Let v(c) = -3*c**2 - 1. Let j be (-11)/55*(5 + 0). Let w be (j/(-3))/((-1 - -5)/(-24)). What is v(w)?
-13
Let y(h) = h - 8. Let u be y(13). Let t(n) be the first derivative of -3*n**2/2 + 7*n - 140. What is t(u)?
-8
Let k(a) = -3*a - 2. Let g(p) = -12*p + 105. Let j be g(9). Determine k(j).
7
Let r(j) = -25*j + 9*j + 11 + j**3 + 12*j + 41*j**2 - 31*j**2 + 7*j. Calculate r(-10).
-19
Suppose 0 = 15*m - 11*m - 3*w - 32, 2*m - 4*w = 26. Let n(q) = -q**2 - 2*q + 5. What is n(m)?
-30
Suppose -4*w = -3*s + 8, 3*w + 4*s - 249 = -230. Let v(l) = 4*l**3 + l - 1. Calculate v(w).
4
Let s(b) be the first derivative of -b**3/3 - 2*b**2 + 3*b + 95. What is s(-3)?
6
Suppose 5*v = 10*v + 50. Let s(h) = h**2 + 9*h - 6. Calculate s(v).
4
Let y(w) = -w**3 + 2*w**2 + w + 1. Let k(d) = d**2 - 15*d - 9. Let b(r) = 3*r**2 - 30*r - 17. Let n(t) = -2*b(t) + 5*k(t). Let p be n(-14). Give y(p).
-5
Let n(g) = -4 + g**2 + 6*g**2 + 24*g - 12*g - 6*g**2. Calculate n(-12).
-4
Let r(y) be the second derivative of -y**8/6720 - y**7/840 - y**5/30 - 7*y**4/6 - 16*y. Let h(w) be the third derivative of r(w). Give h(-3).
-4
Let o(q) = -3*q - 1. Let v be o(-1). Let l(d) = 81 - 2*d + d**v - 81. Give l(4).
8
Suppose 4*f + 3*m = 33, -m = -4*f - 3*m + 30. Let k = f - 6. Let g(a) be the first derivative of a**2/2 + a + 3. What is g(k)?
1
Let x(t) = t - 1. Let l(q) = 2*q - 2. Suppose 3*w = 13 - 22. Let y(h) = w*l(h) + 7*x(h). Determine y(3).
2
Let o(s) be the second derivative of s**4/12 + s**3/2 - 3*s**2/2 + 7*s. Suppose -2*y + 12 = -5*y. Let r be o(y). Let v(f) = 9*f**3 - 2*f + 1. Calculate v(r).
8
Suppose 18 - 4 = -2*j. Let z = j + 7. Let l(c) = 4 + 51*c**3 - 50*c**3 + 2*c + 2 - c. Calculate l(z).
6
Let x(i) = i + 1. Let c(r) = -8*r - 22. Let a(b) = c(b) + 10*x(b). Let g be a(8). Let s(n) = -3*n**2 + n**3 + 0*n**2 + 4*n + 4*n**2 + g*n**2 + 7. What is s(-5)?
-13
Let b(s) be the second derivative of 1/12*s**4 - 2*s**2 - 2/3*s**3 - 2*s + 0. Suppose -2*m = -9 + 3. Determine b(m).
-7
Let b = -21 - -13. Let a = b + 13. Let h(r) = 0*r - a*r + 6*r. Calculate h(-2).
-2
Let g(l) = 95*l - 16*l + l**2 + 10 - 2*l**2 - 36*l - 38*l. Calculate g(6).
4
Let l(t) = t - 5. Let m = 1976 + -1980. Give l(m).
-9
Let o(r) be the first derivative of 2*r**3/3 - 3*r**2 + 152. What is o(6)?
36
Let t(g) = -2*g. Suppose -v + 5*u - 4 = 0, u - 8 = 2*v - 3*v. What is t(v)?
-12
Let j(i) = i - 7. Suppose 2*k + 7 = y, -k = -y - 3*k - 1. Suppose 3*d - r = 4*r - 3, 0 = d + y*r - 13. Suppose -2*b + d*b + 2*t = 8, 3*b - 3*t = 12. Give j(b).
-3
Let j(d) = 155*d - 154*d + 5 + 7. What is j(-6)?
6
Suppose -3*n - 902 - 781 = 0. Let x = 261 + n. Let v be 4/(-14) - x/70. Let w(d) = -d**3 + 4*d**2 - 4*d + 1. Give w(v).
-15
Let c(i) = 3*i**3 + i**2. Let x be c(1). Suppose -13 = -x*d + 4*k - 3*k, -3*d + 2*k + 6 = 0. Let s(w) = 9*w - 10*w - d + 7. Determine s(5).
-2
Suppose 6*i - 9*i = 0. Let w(r) = 2*r - 1. Let v be w(i). Let t(f) = f - 2*f - f**3 + 8*f**3. Determine t(v).
-6
Let z = 1515 - 1520. Let a(n) = -n**2 + 3. Determine a(z).
-22
Let r(i) be the first derivative of i**4/4 - 4*i**3/3 + 3*i**2/2 - 6*i - 515. Determine r(4).
6
Let o(p) be the first derivative of -p**4/4 + p**3/3 - p**2/2 - 8*p + 156. Let d be 1 + -1 - (-3 - -14). Let x = -11 - d. Calculate o(x).
-8
Let a(b) = -b**2 - 4*b + 2. Let j be a(-4). Let r(h) be the third derivative of -1/30*h**5 + 1/24*h**4 + 0*h - 3*h**j + 0*h**3 + 0. Calculate r(-1).
-3
Let u(c) be the second derivative of -c**4/12 - 5*c**3/6 - 2*c**2 - 10*c. Calculate u(-4).
0
Let l be ((-39)/6)/((-1)/(-2)). Let g = l + 6. Let a(h) be the third derivative of -h**6/120 - h**5/10 + h**4/4 - h**3/6 - 3*h**2. Give a(g).
6
Suppose 0*b - 3*b + 6 = 0. Let t(w) = 7*w. Determine t(b).
14
Let s(f) = f - 1. Let b(m) = 3*m - 13. Let p(j) = j + 3. Let k be p(-4). Let w(a) = k*b(a) + 4*s(a). Let q(l) = l - 20. Let g be q(14). Give w(g).
3
Let c(h) = 7*h**2 - 9*h - 5. Let b(x) = 12*x**2 - 17*x - 9. Let v(j) = 4*b(j) - 7*c(j). Let f be (-1)/(2 - 1) - -1. Let a = f + -6. Determine v(a).
-7
Let k(l) = -2*l + 2. Let h be (4/(-6))/(12/9)*-34. Suppose 3*a + 11 = 2*b, 6*b - 8*b = -5*a - h. Give k(a).
8
Let u be (6/(-18))/((-2)/(-12)). Let n(k) be the second derivative of k**2 - 1/6*k**3 - 1/20*k**5 + 6*k + 0 - 1/12*k**4. Determine n(u).
8
Let b(k) = k**3 + k - 1. Let j(p) be the first derivative of -4*p**2 + 40*p - 12. Let h be j(5). Calculate b(h).
-1
Let n(q) = q**2 + 5*q + 1. Let b(u) = 16*u - 39. Let t be b(3). Suppose 34 = -t*p - 20. Calculate n(p).
7
Let u(h) = -h**2 - 6*h + 1. Let n(b) = b**3 - 3*b**2 - b + 3. Let c be n(3). Let s be (2/(-3))/(1/(-39)). Suppose c*z + 4*z - s = 5*l, 3*z = -3. Calculate u(l).
1
Suppose -3*x - 6 = -21, -2*z - 2*x + 20 = 0. Suppose -10 = -4*f - 3*i - 1, 4*f + 15 = 5*i. Let n(t) = 2 + 0*t + 2*t + f. Calculate n(z).
12
Let a(d) be the second derivative of -d**6/120 - d**5/10 + d**4/3 + 2*d**2 + 15*d. Let t(j) be the first derivative of a(j). Calculate t(-7).
-7
Let x(g) = 2*g + 9. Let t(c) = -c + 8. Let k be t(8). Suppose 3*j - 2*j + 8 = k. Determine x(j).
-7
Let j(k) = k**3 + 3*k**2 + 5. Let z = 251 + -255. Calculate j(z).
-11
Let g(j) = j**2 - 3*j + 4*j - 729 + j - 3*j + 725. Let i = 0 + 5. Calculate g(i).
16
Let m(c) be the first derivative of -c**2 + 6*c + 1. Suppose 6*y = y + 20. Suppose 0 = -3*v - 2*a - 3*a + 10, -y*v = -5*a - 25. Determine m(v).
-4
Let n(b) = b**3 - 2*b**2 - 6*b + 4. Suppose 5 = 4*x - 15. Let k be (-31)/((-5 + 2)/3). Suppose 4*g - k = 5*w, 5*g - x = -4*w + 3. Calculate n(g).
12
Let v(h) be the first derivative of -h**4/4 - 2*h**3 + 7*h**2/2 + 3*h + 152. Calculate v(-7).
3
Let c(v) = 1. Let o(k) = -6*k**3 - k**2 - 2*k - 1. Let n be o(-1). Let p(g) = g - 8. Let x(b) = n*c(b) + p(b). Determine x(3).
1
Let t(z) = z + 6. Let g = -14 - -15. Suppose 2*i = -3*f - g - 4, -i - 1 = 3*f. Calculate t(i).
2
Let s(w) = w**2 + 7*w + 7. Let h be 8/(-28) - (-19)/(-7). Let i = h + -5. What is s(i)?
15
Let k(m) = -m**3 + 6*m**2 + 9*m - 5. Let y(p) = -p + 13. Let d be y(11). Let x be (d + 2)*(-7)/(-4). Calculate k(x).
9
Let w = 0 - -8. Suppose w = -3*a + 2. Let t(j) = -5*j - 3. Determine t(a).
7
Suppose 0*t - t + 17 = 3*b, -5*b + 17 = -4*t. Let j be -5*(6 + 96/(-15)). Let f(y) = -j*y**2 - y + 0*y**t - 1 + 0. Calculate f(-2).
-7
Let u(v) be the second derivative of -v**4/12 + 3*v**3/2 - 3*v**2/2 + 54*v. Determine u(8).
5
Let i(h) = -h**3 + 26*h**2 + 5